Suppose 41 + 7 = -5*c + n, 5*c = -5*n - 60. Let w = c - -13. What are the prime factors of w?
3
Suppose v - 22 = -4*s - v, 9 = 3*s + 4*v. What are the prime factors of s?
7
Let q(v) = 3*v - 3. Let a be q(-5). Let l = a - -41. List the prime factors of l.
23
Let m = 179 + -102. Let c = m - 21. Let r = -38 + c. What are the prime factors of r?
2, 3
Suppose r - 2 = -0*r, 0 = 3*m + 2*r + 38. List the prime factors of (-4)/m - 117/(-7).
17
Suppose -16 + 60 = -4*r. Let u(f) = -f**2 - 13*f - 16. What are the prime factors of u(r)?
2, 3
Suppose -4*o = -9*o + 10. Let q be 1/2 + (-1)/o. Let j = 15 - q. List the prime factors of j.
3, 5
Let p(j) = -j**3 + 4*j**2 + 2*j + 2. Suppose -2*x + 12 = 3*r, -4*x + 26 = 5*r + 4. List the prime factors of p(x).
17
Let p = 13 - 11. Suppose 0 = -3*r - c + 77, r - 25 = p*c - 3*c. What are the prime factors of r?
2, 13
Let r(p) = p**2 + 3*p + 4. Let z be r(-3). Suppose 5*f - 22 = -o - o, 0 = f - z*o. What are the prime factors of f?
2
Let o(s) = 3*s + 3. List the prime factors of o(7).
2, 3
Suppose 0*s - 2*s + 4 = 0. Suppose 3*a - g = 80, -a + 3 + 19 = s*g. List the prime factors of a.
2, 13
Let m be 2/(-3 - 17/(-5)). Let v(i) be the second derivative of i**3/2 + i**2 - 2*i. List the prime factors of v(m).
17
Let b(q) = q**3 - 2*q**2 + q + 27. List the prime factors of b(0).
3
Let b be ((-19)/2)/(1/2). Let o = b + 31. List the prime factors of o.
2, 3
Let f = 8 - 6. List the prime factors of f*(-5)/(30/(-9)).
3
Let i be (16/12)/(4/9). Suppose m + i*c = 9, -m - 2*c - 34 = -2*m. What are the prime factors of m?
2, 3
Suppose 6*o - 90 = 5*m + o, m - 4*o + 33 = 0. Let v = m + 19. List the prime factors of v.
2, 3
Let z(s) = s**3 + 13*s**2 - 19*s - 13. List the prime factors of z(-14).
3, 19
Suppose -6 = -y - 2. Suppose 22 - 2 = y*j. What are the prime factors of j?
5
Suppose -2*a = -3*a. Suppose a*y + 2*y = 4. Suppose 5*s + 5 = 2*x - x, 0 = -y*s. What are the prime factors of x?
5
Suppose -2*v + 4*w + 34 = -0*v, -2*v + 3*w + 30 = 0. List the prime factors of -39*(-2 - (-12)/v).
2, 13
Suppose -10 = f + 4*c, -5*f - 144 = 2*c - 22. Let v = f + 37. Suppose 0 = 2*j - 7 - v. What are the prime factors of j?
3
Let t(j) = 9*j + 1. Let n be ((-1)/(-2))/(1/10). Let i = n + -4. List the prime factors of t(i).
2, 5
What are the prime factors of 3*6 - (-5 + 7)?
2
What are the prime factors of (-14)/(-56) + (-23)/(-4)?
2, 3
Suppose m = 3*v + 3*m, -m - 3 = 0. Let j be (-1)/v*4/(-1). Suppose 0 = 3*x + 4*o + 2, j*o + 0 = -x - 2. What are the prime factors of x?
2
Suppose 0*n + 5*n - 50 = 0. List the prime factors of 10/4*12/n.
3
Suppose 4*k - 2*t + 2 = -0, 2*k = 2*t - 4. Let u = k + 20. List the prime factors of u.
3, 7
Suppose 6*b - 467 - 169 = 0. List the prime factors of b.
2, 53
Let a(c) = -c**3 - 6*c**2 + 5*c + 6. Let t be a(-7). Let w = -7 + t. List the prime factors of w.
13
Suppose 0*g = -2*g + 2*c + 12, 5*c = 4*g - 26. Suppose 0 = g*r - 2 - 6. List the prime factors of r.
2
Let z be 4/(3/((-3)/(-2))). Suppose 0 = -2*d + 3*i + 29, 0*d + z*d - 26 = 2*i. What are the prime factors of d?
2, 5
Let h(y) = y**3 + 6*y**2 + 3*y - 5. What are the prime factors of h(-4)?
3, 5
Suppose 0 = -3*c + 208 + 47. Suppose c = 4*u + 5. List the prime factors of u.
2, 5
Let u(x) = 2*x. Let t be u(2). List the prime factors of (-2 + 6)*2/t.
2
What are the prime factors of ((-6)/10)/(8/(-240))?
2, 3
Let x = -109 + 227. What are the prime factors of x?
2, 59
Let t be (1 - (-2)/(-4))*-22. Let b = 25 + t. List the prime factors of b.
2, 7
Let s(z) = -1. Let t(p) = 7*p - 6. Let b(m) = 2*s(m) + t(m). List the prime factors of b(6).
2, 17
Suppose 0 = 3*b - 15, 0 = -3*d + 7*d - b - 23. List the prime factors of d.
7
Suppose -2*w + 406 = 5*x, -8*x + 4*x = w - 326. List the prime factors of x.
2, 41
Suppose 4*p + 0*p - 52 = 0. Let q = -11 + p. Suppose q*m - 35 = 5. List the prime factors of m.
2, 5
Let m = -72 + 161. List the prime factors of m.
89
Suppose 0 = 5*o - 20 - 30. Let w(a) = 3*a + 3. List the prime factors of w(o).
3, 11
Let o be (6/12)/(2/(-8)). Let k = 9 - o. What are the prime factors of k?
11
Suppose 0 = -3*w + 3*a - 11 - 13, -3*a + 4 = w. List the prime factors of w*(6/1)/(-2).
3, 5
Let c(l) = -26*l - 16. What are the prime factors of c(-5)?
2, 3, 19
Suppose 2*f = 3*f + 6. Let z = 10 + f. What are the prime factors of z?
2
Suppose 4*w + 3*d - 5*d = 402, d = 5*w - 498. What are the prime factors of w?
3, 11
Let b be 7/3 + 1/(-3). Let s(k) = 6*k + 2. List the prime factors of s(b).
2, 7
Let u(h) = -h + 5. Let o be u(6). Let j = o + 4. What are the prime factors of j?
3
Let p(l) = -l**3 - 3*l**2 - 8*l. List the prime factors of p(-4).
2, 3
Let w(p) = 18*p**3 - 3*p**2 + 4*p - 4. List the prime factors of w(2).
2, 17
Suppose -8 - 16 = -2*y. Let d = -3 + y. What are the prime factors of d?
3
Let y = -1 + -1. Let j(a) = -5*a. List the prime factors of j(y).
2, 5
Let b(i) = -i - 4. Let n be b(-7). Suppose -n*d + 20 = d. List the prime factors of d.
5
Suppose 0 = 3*d + 3*c + 21, -5 + 7 = -c. Let g be ((-3 - -2) + 2)*d. List the prime factors of 2/(-5) - 32/g.
2, 3
Let k(d) = d**3 + d**2 + d + 5. Let a be k(0). Suppose -3*j = 15, 0*j = a*l - 3*j - 150. What are the prime factors of l?
3
Let q(m) = m**3 - 3*m**2 - 10*m - 10. Let x be q(8). Suppose x = -d + 3*d. Suppose d = 5*o + 45. What are the prime factors of o?
2, 7
Suppose o - 4*o - 48 = 0. Let x be (o/(-5))/((-4)/(-10)). Suppose 3*a = x*a - h - 85, -3*h + 17 = a. What are the prime factors of a?
17
Let g(c) = c + 1. Let x be g(1). Suppose l - 2*l + x = 0. Suppose l*h = -2*i + 10, 0*i + 5 = -h + 4*i. What are the prime factors of h?
3
Suppose 0*x = -3*x. Suppose -2*n - 5*m + 6 = -n, -2*m + 2 = x. What are the prime factors of (-5 - -3)*(n + -3)?
2
Let s be 0/(-7) + (-3)/(-1). Suppose z + 0 = 1, 3*z = -s*p + 111. List the prime factors of p.
2, 3
Let n(z) = -z**2 - 4*z. Let r be n(-4). Suppose r = 5*l - 2*o + 5*o - 13, 5*o - 1 = 2*l. Suppose 0 = -l*q - 5 + 21. List the prime factors of q.
2
Let k = 504 - 350. What are the prime factors of k?
2, 7, 11
Let n(q) = -q**2 + 2*q + 19. List the prime factors of n(0).
19
Suppose 0 = -k - 0*k + 69. List the prime factors of k.
3, 23
Suppose -2*n = -0*n - 4. Suppose -f = f + n. List the prime factors of f*(1 - 0)*-3.
3
Suppose v = 2*t - 3, -v = -4*t - 0 + 11. Suppose 2*m - 4*q = -16, t*m - 3*q + 12 = 2*m. List the prime factors of 10 - (2 - (m - 0)).
2
Let c be (-1)/((-2)/8*2). Suppose -3*x - 4 - 12 = 4*y, c*y + 10 = -2*x. Let r = 2 - y. What are the prime factors of r?
3
Suppose -4*t - 337 = -5*b, 0 = -11*b + 9*b - 3*t + 144. What are the prime factors of b?
3, 23
Suppose 0 = -11*c + 2668 - 17. List the prime factors of c.
241
Suppose -m + 12 = -0*m + 3*z, -16 = 5*m - 4*z. Let j(y) = -3 + y**2 - 2*y**2 + 5 + 2 + y**3. List the prime factors of j(m).
2
Suppose -7 = -2*l + l. Suppose 2*z = 2*w + 14, l*w - 2*w = -z + 19. List the prime factors of z.
3
Suppose d = x - 44, -15 + 230 = 5*x - 4*d. Suppose x = t + 12. List the prime factors of t.
3
Let q be (1/(-1))/(2/10). Let k be (4/(-2))/(2/2). What are the prime factors of (-18)/k - (q + 2)?
2, 3
What are the prime factors of (-1710)/(-36) + (-2)/4?
47
Let s be (0/2 + -1)*-3. Suppose s*m - 18 = 15. List the prime factors of m.
11
Let h(j) = -3*j**3 - 6*j**2 + 6*j + 11. List the prime factors of h(-5).
2, 103
Let l be ((-3)/(-2))/(2/(-8)). Let n be 2*2/l*-3. What are the prime factors of 4 - 6/(1 + n)?
2
Let i(g) = g**2 - 2*g + 2. Let f be i(3). Suppose f*l = 4*b - 0*b + 144, 5*b = -5. List the prime factors of l.
2, 7
Let k = -54 - -103. What are the prime factors of k?
7
Let t(q) = -q**2 + 6*q + 2. Let d(c) = 2 - 2*c - 3 - 6. Let j be d(-5). List the prime factors of t(j).
11
Let h be 276/(-27) + (-2)/(-9). List the prime factors of ((-48)/h)/(5/25).
2, 3
Suppose 4 - 18 = -k + c, -5*k + 2*c = -85. Let a = k - 5. List the prime factors of a.
2, 7
Let k(h) = -3*h - 8. Let f be k(-7). Let q(o) = o**3 - o**2 + 11. Let l be q(0). Suppose 6 = t + 2*v, 2*t - f = 6*v - l*v. What are the prime factors of t?
2
Suppose -3*g - 6 = -0*g. List the prime factors of g*((-23)/2 + -3).
29
Suppose -70 = -h + 2*b, 3 + 17 = 5*b. List the prime factors of h.
2, 3, 13
Suppose 0 = -4*i - 4*z + 44, 3*z - 17 = -i + 5*z. Let h = 2 - i. Let